{"id":23747,"date":"2024-02-27T08:34:25","date_gmt":"2024-02-27T08:34:25","guid":{"rendered":"https:\/\/medihair.com\/does-whey-protein-cause-hair-loss\/"},"modified":"2024-03-08T10:16:09","modified_gmt":"2024-03-08T10:16:09","slug":"les-proteines-de-lactoserum-provoquent-elles-la-chute-des-cheveux","status":"publish","type":"custom-content","link":"https:\/\/medihair.com\/fr\/les-proteines-de-lactoserum-provoquent-elles-la-chute-des-cheveux\/","title":{"rendered":"Les prot\u00e9ines de lactos\u00e9rum provoquent-elles la chute des cheveux ?"},"excerpt":{"rendered":"","protected":false},"author":7,"featured_media":0,"menu_order":0,"template":"","format":"standard","meta":{"footnotes":""},"class_list":["post-23747","custom-content","type-custom-content","status-publish","format-standard","hentry"],"acf":[],"yoast_head":"<!-- This site is optimized with the Yoast SEO plugin v27.1.1 - https:\/\/yoast.com\/product\/yoast-seo-wordpress\/ -->\n<title>Les prot\u00e9ines de lactos\u00e9rum provoquent-elles la chute des cheveux ?<\/title>\n<meta name=\"description\" content=\"Buvez-vous r\u00e9guli\u00e8rement des prot\u00e9ines de lactos\u00e9rum ? \u2713 D\u00e9couvrez si les prot\u00e9ines de lactos\u00e9rum peuvent stimuler la chute des cheveux et ce que vous pouvez faire pour y rem\u00e9dier.\" \/>\n<meta name=\"robots\" content=\"index, follow, max-snippet:-1, max-image-preview:large, max-video-preview:-1\" \/>\n<link rel=\"canonical\" href=\"https:\/\/medihair.com\/fr\/les-proteines-de-lactoserum-provoquent-elles-la-chute-des-cheveux\/\" \/>\n<meta property=\"og:locale\" content=\"fr_FR\" \/>\n<meta property=\"og:type\" content=\"article\" \/>\n<meta property=\"og:title\" content=\"Les prot\u00e9ines de lactos\u00e9rum provoquent-elles la chute des cheveux ?\" \/>\n<meta property=\"og:description\" content=\"Buvez-vous r\u00e9guli\u00e8rement des prot\u00e9ines de lactos\u00e9rum ? \u2713 D\u00e9couvrez si les prot\u00e9ines de lactos\u00e9rum peuvent stimuler la chute des cheveux et ce que vous pouvez faire pour y rem\u00e9dier.\" \/>\n<meta property=\"og:url\" content=\"https:\/\/medihair.com\/fr\/les-proteines-de-lactoserum-provoquent-elles-la-chute-des-cheveux\/\" \/>\n<meta property=\"og:site_name\" content=\"Medihair\" \/>\n<meta property=\"article:publisher\" content=\"https:\/\/www.facebook.com\/profile.php?id=100063979663209\" \/>\n<meta property=\"article:modified_time\" content=\"2024-03-08T10:16:09+00:00\" \/>\n<meta name=\"twitter:card\" content=\"summary_large_image\" \/>\n<script type=\"application\/ld+json\" class=\"yoast-schema-graph\">{\"@context\":\"https:\/\/schema.org\",\"@graph\":[{\"@type\":\"WebPage\",\"@id\":\"https:\/\/medihair.com\/fr\/les-proteines-de-lactoserum-provoquent-elles-la-chute-des-cheveux\/\",\"url\":\"https:\/\/medihair.com\/fr\/les-proteines-de-lactoserum-provoquent-elles-la-chute-des-cheveux\/\",\"name\":\"Les prot\u00e9ines de lactos\u00e9rum provoquent-elles la chute des cheveux ?\",\"isPartOf\":{\"@id\":\"https:\/\/medihair.com\/fr\/#website\"},\"datePublished\":\"2024-02-27T08:34:25+00:00\",\"dateModified\":\"2024-03-08T10:16:09+00:00\",\"description\":\"Buvez-vous r\u00e9guli\u00e8rement des prot\u00e9ines de lactos\u00e9rum ? \u2713 D\u00e9couvrez si les prot\u00e9ines de lactos\u00e9rum peuvent stimuler la chute des cheveux et ce que vous pouvez faire pour y rem\u00e9dier.\",\"breadcrumb\":{\"@id\":\"https:\/\/medihair.com\/fr\/les-proteines-de-lactoserum-provoquent-elles-la-chute-des-cheveux\/#breadcrumb\"},\"inLanguage\":\"fr-FR\",\"potentialAction\":[{\"@type\":\"ReadAction\",\"target\":[\"https:\/\/medihair.com\/fr\/les-proteines-de-lactoserum-provoquent-elles-la-chute-des-cheveux\/\"]}]},{\"@type\":\"BreadcrumbList\",\"@id\":\"https:\/\/medihair.com\/fr\/les-proteines-de-lactoserum-provoquent-elles-la-chute-des-cheveux\/#breadcrumb\",\"itemListElement\":[{\"@type\":\"ListItem\",\"position\":1,\"name\":\"Home\",\"item\":\"https:\/\/medihair.com\/fr\/\"},{\"@type\":\"ListItem\",\"position\":2,\"name\":\"Les prot\u00e9ines de lactos\u00e9rum provoquent-elles la chute des cheveux ?\"}]},{\"@type\":\"WebSite\",\"@id\":\"https:\/\/medihair.com\/fr\/#website\",\"url\":\"https:\/\/medihair.com\/fr\/\",\"name\":\"Medihair\",\"description\":\"Medihair description\",\"publisher\":{\"@id\":\"https:\/\/medihair.com\/fr\/#organization\"},\"potentialAction\":[{\"@type\":\"SearchAction\",\"target\":{\"@type\":\"EntryPoint\",\"urlTemplate\":\"https:\/\/medihair.com\/fr\/?s={search_term_string}\"},\"query-input\":{\"@type\":\"PropertyValueSpecification\",\"valueRequired\":true,\"valueName\":\"search_term_string\"}}],\"inLanguage\":\"fr-FR\"},{\"@type\":\"Organization\",\"@id\":\"https:\/\/medihair.com\/fr\/#organization\",\"name\":\"Medihair.com\",\"url\":\"https:\/\/medihair.com\/fr\/\",\"logo\":{\"@type\":\"ImageObject\",\"inLanguage\":\"fr-FR\",\"@id\":\"https:\/\/medihair.com\/fr\/#\/schema\/logo\/image\/\",\"url\":\"https:\/\/medihair.com\/wp-content\/uploads\/2020\/12\/Medihair_Dark-blue.svg\",\"contentUrl\":\"https:\/\/medihair.com\/wp-content\/uploads\/2020\/12\/Medihair_Dark-blue.svg\",\"width\":\"1024\",\"height\":\"1024\",\"caption\":\"Medihair.com\"},\"image\":{\"@id\":\"https:\/\/medihair.com\/fr\/#\/schema\/logo\/image\/\"},\"sameAs\":[\"https:\/\/www.facebook.com\/profile.php?id=100063979663209\",\"https:\/\/www.instagram.com\/medihair\/\",\"https:\/\/www.youtube.com\/channel\/UCQ9SiEr3qfRnLiDdVPTpigA\",\"https:\/\/wa.me\/442045710177\",\"https:\/\/www.provenexpert.com\/haartransplantation-vergleich-de\/\"]}]}<\/script>\n<!-- \/ Yoast SEO plugin. -->","yoast_head_json":{"title":"Les prot\u00e9ines de lactos\u00e9rum provoquent-elles la chute des cheveux ?","description":"Buvez-vous r\u00e9guli\u00e8rement des prot\u00e9ines de lactos\u00e9rum ? \u2713 D\u00e9couvrez si les prot\u00e9ines de lactos\u00e9rum peuvent stimuler la chute des cheveux et ce que vous pouvez faire pour y rem\u00e9dier.","robots":{"index":"index","follow":"follow","max-snippet":"max-snippet:-1","max-image-preview":"max-image-preview:large","max-video-preview":"max-video-preview:-1"},"canonical":"https:\/\/medihair.com\/fr\/les-proteines-de-lactoserum-provoquent-elles-la-chute-des-cheveux\/","og_locale":"fr_FR","og_type":"article","og_title":"Les prot\u00e9ines de lactos\u00e9rum provoquent-elles la chute des cheveux ?","og_description":"Buvez-vous r\u00e9guli\u00e8rement des prot\u00e9ines de lactos\u00e9rum ? \u2713 D\u00e9couvrez si les prot\u00e9ines de lactos\u00e9rum peuvent stimuler la chute des cheveux et ce que vous pouvez faire pour y rem\u00e9dier.","og_url":"https:\/\/medihair.com\/fr\/les-proteines-de-lactoserum-provoquent-elles-la-chute-des-cheveux\/","og_site_name":"Medihair","article_publisher":"https:\/\/www.facebook.com\/profile.php?id=100063979663209","article_modified_time":"2024-03-08T10:16:09+00:00","twitter_card":"summary_large_image","schema":{"@context":"https:\/\/schema.org","@graph":[{"@type":"WebPage","@id":"https:\/\/medihair.com\/fr\/les-proteines-de-lactoserum-provoquent-elles-la-chute-des-cheveux\/","url":"https:\/\/medihair.com\/fr\/les-proteines-de-lactoserum-provoquent-elles-la-chute-des-cheveux\/","name":"Les prot\u00e9ines de lactos\u00e9rum provoquent-elles la chute des cheveux ?","isPartOf":{"@id":"https:\/\/medihair.com\/fr\/#website"},"datePublished":"2024-02-27T08:34:25+00:00","dateModified":"2024-03-08T10:16:09+00:00","description":"Buvez-vous r\u00e9guli\u00e8rement des prot\u00e9ines de lactos\u00e9rum ? \u2713 D\u00e9couvrez si les prot\u00e9ines de lactos\u00e9rum peuvent stimuler la chute des cheveux et ce que vous pouvez faire pour y rem\u00e9dier.","breadcrumb":{"@id":"https:\/\/medihair.com\/fr\/les-proteines-de-lactoserum-provoquent-elles-la-chute-des-cheveux\/#breadcrumb"},"inLanguage":"fr-FR","potentialAction":[{"@type":"ReadAction","target":["https:\/\/medihair.com\/fr\/les-proteines-de-lactoserum-provoquent-elles-la-chute-des-cheveux\/"]}]},{"@type":"BreadcrumbList","@id":"https:\/\/medihair.com\/fr\/les-proteines-de-lactoserum-provoquent-elles-la-chute-des-cheveux\/#breadcrumb","itemListElement":[{"@type":"ListItem","position":1,"name":"Home","item":"https:\/\/medihair.com\/fr\/"},{"@type":"ListItem","position":2,"name":"Les prot\u00e9ines de lactos\u00e9rum provoquent-elles la chute des cheveux ?"}]},{"@type":"WebSite","@id":"https:\/\/medihair.com\/fr\/#website","url":"https:\/\/medihair.com\/fr\/","name":"Medihair","description":"Medihair description","publisher":{"@id":"https:\/\/medihair.com\/fr\/#organization"},"potentialAction":[{"@type":"SearchAction","target":{"@type":"EntryPoint","urlTemplate":"https:\/\/medihair.com\/fr\/?s={search_term_string}"},"query-input":{"@type":"PropertyValueSpecification","valueRequired":true,"valueName":"search_term_string"}}],"inLanguage":"fr-FR"},{"@type":"Organization","@id":"https:\/\/medihair.com\/fr\/#organization","name":"Medihair.com","url":"https:\/\/medihair.com\/fr\/","logo":{"@type":"ImageObject","inLanguage":"fr-FR","@id":"https:\/\/medihair.com\/fr\/#\/schema\/logo\/image\/","url":"https:\/\/medihair.com\/wp-content\/uploads\/2020\/12\/Medihair_Dark-blue.svg","contentUrl":"https:\/\/medihair.com\/wp-content\/uploads\/2020\/12\/Medihair_Dark-blue.svg","width":"1024","height":"1024","caption":"Medihair.com"},"image":{"@id":"https:\/\/medihair.com\/fr\/#\/schema\/logo\/image\/"},"sameAs":["https:\/\/www.facebook.com\/profile.php?id=100063979663209","https:\/\/www.instagram.com\/medihair\/","https:\/\/www.youtube.com\/channel\/UCQ9SiEr3qfRnLiDdVPTpigA","https:\/\/wa.me\/442045710177","https:\/\/www.provenexpert.com\/haartransplantation-vergleich-de\/"]}]}},"jetpack_sharing_enabled":true,"_links":{"self":[{"href":"https:\/\/medihair.com\/fr\/wp-json\/wp\/v2\/custom-content\/23747","targetHints":{"allow":["GET"]}}],"collection":[{"href":"https:\/\/medihair.com\/fr\/wp-json\/wp\/v2\/custom-content"}],"about":[{"href":"https:\/\/medihair.com\/fr\/wp-json\/wp\/v2\/types\/custom-content"}],"author":[{"embeddable":true,"href":"https:\/\/medihair.com\/fr\/wp-json\/wp\/v2\/users\/7"}],"version-history":[{"count":0,"href":"https:\/\/medihair.com\/fr\/wp-json\/wp\/v2\/custom-content\/23747\/revisions"}],"wp:attachment":[{"href":"https:\/\/medihair.com\/fr\/wp-json\/wp\/v2\/media?parent=23747"}],"curies":[{"name":"wp","href":"https:\/\/api.w.org\/{rel}","templated":true}]}}

Les protéines de lactosérum provoquent-elles la chute des cheveux ?

<!-- This site is optimized with the Yoast SEO plugin v27.1.1 - https://yoast.com/product/yoast-seo-wordpress/ -->
<title>Les protéines de lactosérum provoquent-elles la chute des cheveux ?</title>
<meta name="description" content="Buvez-vous régulièrement des protéines de lactosérum ? ✓ Découvrez si les protéines de lactosérum peuvent stimuler la chute des cheveux et ce que vous pouvez faire pour y remédier." />
<meta name="robots" content="index, follow, max-snippet:-1, max-image-preview:large, max-video-preview:-1" />
<link rel="canonical" href="https://medihair.com/fr/les-proteines-de-lactoserum-provoquent-elles-la-chute-des-cheveux/" />
<meta property="og:locale" content="fr_FR" />
<meta property="og:type" content="article" />
<meta property="og:title" content="Les protéines de lactosérum provoquent-elles la chute des cheveux ?" />
<meta property="og:description" content="Buvez-vous régulièrement des protéines de lactosérum ? ✓ Découvrez si les protéines de lactosérum peuvent stimuler la chute des cheveux et ce que vous pouvez faire pour y remédier." />
<meta property="og:url" content="https://medihair.com/fr/les-proteines-de-lactoserum-provoquent-elles-la-chute-des-cheveux/" />
<meta property="og:site_name" content="Medihair" />
<meta property="article:publisher" content="https://www.facebook.com/profile.php?id=100063979663209" />
<meta property="article:modified_time" content="2024-03-08T10:16:09+00:00" />
<meta name="twitter:card" content="summary_large_image" />
<script type="application/ld+json" class="yoast-schema-graph">{"@context":"https://schema.org","@graph":[{"@type":"WebPage","@id":"https://medihair.com/fr/les-proteines-de-lactoserum-provoquent-elles-la-chute-des-cheveux/","url":"https://medihair.com/fr/les-proteines-de-lactoserum-provoquent-elles-la-chute-des-cheveux/","name":"Les protéines de lactosérum provoquent-elles la chute des cheveux ?","isPartOf":{"@id":"https://medihair.com/fr/#website"},"datePublished":"2024-02-27T08:34:25+00:00","dateModified":"2024-03-08T10:16:09+00:00","description":"Buvez-vous régulièrement des protéines de lactosérum ? ✓ Découvrez si les protéines de lactosérum peuvent stimuler la chute des cheveux et ce que vous pouvez faire pour y remédier.","breadcrumb":{"@id":"https://medihair.com/fr/les-proteines-de-lactoserum-provoquent-elles-la-chute-des-cheveux/#breadcrumb"},"inLanguage":"fr-FR","potentialAction":[{"@type":"ReadAction","target":["https://medihair.com/fr/les-proteines-de-lactoserum-provoquent-elles-la-chute-des-cheveux/"]}]},{"@type":"BreadcrumbList","@id":"https://medihair.com/fr/les-proteines-de-lactoserum-provoquent-elles-la-chute-des-cheveux/#breadcrumb","itemListElement":[{"@type":"ListItem","position":1,"name":"Home","item":"https://medihair.com/fr/"},{"@type":"ListItem","position":2,"name":"Les protéines de lactosérum provoquent-elles la chute des cheveux ?"}]},{"@type":"WebSite","@id":"https://medihair.com/fr/#website","url":"https://medihair.com/fr/","name":"Medihair","description":"Medihair description","publisher":{"@id":"https://medihair.com/fr/#organization"},"potentialAction":[{"@type":"SearchAction","target":{"@type":"EntryPoint","urlTemplate":"https://medihair.com/fr/?s={search_term_string}"},"query-input":{"@type":"PropertyValueSpecification","valueRequired":true,"valueName":"search_term_string"}}],"inLanguage":"fr-FR"},{"@type":"Organization","@id":"https://medihair.com/fr/#organization","name":"Medihair.com","url":"https://medihair.com/fr/","logo":{"@type":"ImageObject","inLanguage":"fr-FR","@id":"https://medihair.com/fr/#/schema/logo/image/","url":"https://medihair.com/wp-content/uploads/2020/12/Medihair_Dark-blue.svg","contentUrl":"https://medihair.com/wp-content/uploads/2020/12/Medihair_Dark-blue.svg","width":"1024","height":"1024","caption":"Medihair.com"},"image":{"@id":"https://medihair.com/fr/#/schema/logo/image/"},"sameAs":["https://www.facebook.com/profile.php?id=100063979663209","https://www.instagram.com/medihair/","https://www.youtube.com/channel/UCQ9SiEr3qfRnLiDdVPTpigA","https://wa.me/442045710177","https://www.provenexpert.com/haartransplantation-vergleich-de/"]}]}</script>
<!-- / Yoast SEO plugin. -->

Buvez-vous régulièrement des protéines de lactosérum ? ✓ Découvrez si les protéines de lactosérum peuvent stimuler la chute des cheveux et ce que vous pouvez faire pour y remédier.
